-2*i + 40 = 5*m, i + t = -4*i. What is the units digit of m?
0
Let i = 276 - -16. Suppose 3*t - 6 = 0, 0 = -2*l - 5*t + 3*t + i. What is the tens digit of l?
4
Let i(t) = t**2 + 11*t + 10. Let z be i(-10). Let w = 54 + -35. Let g = w + z. What is the tens digit of g?
1
Suppose 95*l - 83*l = 36660. What is the units digit of l?
5
Let y(s) = -2*s**2 - 16*s + 7. Let u be y(-8). Suppose -19 = -5*b + 1. Suppose -5*d - 23 = -b*c, 0 = c - 4*d + 1 + u. What is the tens digit of c?
1
Let u(t) = 160*t - 114. What is the units digit of u(7)?
6
What is the tens digit of (-2)/4*6*(-1827 + -16)?
2
Let j(s) = -s**2 + 9. Let l be j(-5). What is the units digit of (258/(-24) - 2)*l/6?
4
Suppose -4*h = 5*j + 884, 391 + 313 = -4*j - 4*h. Let b = -104 - j. What is the units digit of b?
6
Let d(i) = -4 - 8 + 2*i - 2 - 16. Let p be d(15). Let g(j) = -2*j**2 + 22. What is the units digit of g(p)?
2
Suppose 22*p - 35*p = -416. What is the tens digit of p?
3
Let c be ((-74)/(-1)*-1)/(1 - 2). Suppose -194 = -t - c. What is the hundreds digit of t?
1
Let i be (-3 + 1 - -15) + -1. Suppose -11*s + i*s - 60 = 0. What is the units digit of s?
0
Let o(n) = 45*n - 16*n**2 + 0*n**3 - 59*n - n**3 + 32. What is the hundreds digit of o(-16)?
2
Let b = 1124 - 391. What is the hundreds digit of b?
7
Let m = -449 - -688. What is the units digit of m?
9
Suppose -4 = p - 3*a, 3*p - 3*a = -2*p + 16. Suppose j + p*m - 242 = 0, 2*j + 8 = 5*m + 417. What is the units digit of j?
7
Let w(k) = -24 - 58*k + 24. What is the units digit of w(-1)?
8
Suppose m = -4*m + 25. Suppose 0 = -2*z + 5*v + 13, 0*v + 48 = m*z + 3*v. What is the units digit of z?
9
Let d(l) = -2*l**3 + 27*l**2 + 2*l - 13. What is the hundreds digit of d(10)?
7
Suppose -2*s - 2*k + 330 = 0, s + 3*s = -k + 651. What is the hundreds digit of s?
1
Suppose -2*f + 7*f + 3*a = -56, 0 = f - 3*a + 4. What is the tens digit of (-400)/(-28)*(-35)/f?
5
Suppose -y + 2 = -1. Let j be y + 1/1 + 1. Suppose 5*k + 2*s - 73 = 4*s, -2*k = j*s - 35. What is the tens digit of k?
1
Let o(u) = 2*u**3 - 7*u**2 + 11*u - 7. Let y(i) = i**3 + i - 1. Let t(x) = -o(x) + 3*y(x). Let c be t(-8). What is the tens digit of 58/6 - c/(-12)?
1
Let l(t) = -t**2 - 7*t - 7. Let j be l(-5). Suppose 0 = -0*v - 4*v. Suppose -j = -v*r - 3*r. What is the units digit of r?
1
Let h be ((3 + -3)/(-2))/(-1). Let n be (-102)/(-2) + -3 - h. Let a = n - 24. What is the tens digit of a?
2
Suppose -2*g = 5*o - 230, 2*g - o - 222 = -4*o. Suppose -3*m + 2*f + g + 100 = 0, 0 = 2*m + 4*f - 158. What is the units digit of m?
1
Let l be (6 - (-3 - 1))*(-3)/(-2). Let t(y) = 5*y - 14. What is the tens digit of t(l)?
6
Suppose g = -0*g + 44. Suppose -8*q + 4*y = -3*q - 10, 4*y = -4*q + g. Suppose 40 + q = u. What is the units digit of u?
6
Let b(w) = 16*w**2 + 11*w + 19. Let i be b(-6). Suppose -g = 3*y - 153, g + 2*g - 5*y - i = 0. What is the units digit of g?
8
Suppose 3*k - 397 = 92. What is the tens digit of k?
6
Let f(p) = -p**3 - 12*p**2 - 14*p - 7. Let q be 1 + 0 + 0 + 26. Let b = q - 38. What is the tens digit of f(b)?
2
Suppose 0 = -7*a + 3*a + 944. Suppose 4*p - z - 486 = 0, -2*p - 2*z = z - a. What is the hundreds digit of p?
1
Let g be (-12)/(-8)*16/3. Suppose -2*q + g + 68 = y, -208 = -3*y + 4*q. What is the tens digit of y?
7
Let i(v) = -32*v - 92. What is the units digit of i(-5)?
8
Suppose -8 = -7*h + 5*h. Suppose 3*s - h*s = -3*t - 86, 3*s = 4*t + 248. What is the units digit of s?
0
Let q(z) = 55*z + 48. What is the hundreds digit of q(3)?
2
Suppose 35 = 5*r + 10. Suppose 0 = -5*o - r*u + 140, -2*o = -5*u - 13 - 64. What is the units digit of o?
1
Let l(w) = -36 - 6*w - 33*w - 2*w. What is the units digit of l(-4)?
8
Let r(j) = 63*j - 2. Suppose 5*h + 3*k + 2*k + 150 = 0, 5*h + 126 = k. Let m = h - -27. What is the tens digit of r(m)?
6
Let n(b) = -3*b**3 + 3*b**2 - 6*b + 54. What is the thousands digit of n(-12)?
5
Let m(b) = -b**3 + b**2 - 2*b + 1144. What is the tens digit of m(0)?
4
Suppose -4*x + 9*x = 75. Suppose -17*m = -20*m + x. What is the units digit of m?
5
Let k(m) = -m**2 - 3*m + 10. Let l be k(-4). Let x(f) = f**3 - 6*f**2 + 6*f + 7. What is the units digit of x(l)?
3
Suppose -3 = -c, -5*o = -2*o - 3*c - 633. What is the hundreds digit of o?
2
Let i be (-657)/(-21) + -1 + (-4)/14. What is the units digit of (-15)/27*-6*i?
0
Let u be 3/(6/8 - 0). Let o = -1016 - -1105. Suppose 0 = -3*x + u*h + o, -4*x = x + 2*h - 183. What is the units digit of x?
5
Suppose -20*q + 1558 = -q. What is the units digit of q?
2
Suppose 0 = -2*n + 2*b + 3*b - 44, -5*n = b + 83. Let c(h) = -6*h - 59. What is the units digit of c(n)?
3
Let d = 3 + 33. Suppose 3*q - 2*q = -2*i + d, -3*q + 103 = i. What is the units digit of q?
4
Let w(s) = -s**2 + 24*s + 61. What is the tens digit of w(22)?
0
Suppose -4*l + 17 + 3 = 0. Suppose 0 = 2*u - u - l. Suppose 3*f - u = 37. What is the units digit of f?
4
Let f(y) be the second derivative of -6*y + 5/6*y**3 + 2*y**2 + 0 + 1/12*y**4. What is the tens digit of f(5)?
5
Suppose -106 - 34 = 5*v. Let p = v + 52. What is the units digit of p?
4
Suppose -2*p + 1048 = 2*r, 4*r - 2*p = 3*r + 530. What is the hundreds digit of r?
5
Let s = 3188 + -2274. What is the hundreds digit of s?
9
Suppose 0 = t - 1 - 8. Suppose 0 = t*k - 463 + 22. What is the tens digit of k?
4
Suppose 5*i + 2 + 7 = -4*a, -4 = 3*i + a. Let u be (-8)/(-32)*(i - -9). Suppose -64 = -u*m + 30. What is the tens digit of m?
4
Suppose 1069 + 50 = 3*n. What is the units digit of n?
3
Let t be -1*(-8 - -3)*1. Let v be 21/5 - 1/t. Suppose -v*s + 5*o + 128 = 0, 3*s - 88 = o + 19. What is the tens digit of s?
3
Let k = 10 - 8. Suppose -k*d = -4*d. What is the units digit of d + (0 - -3) + 1?
4
Suppose 4*k = -w - 63, -12 - 3 = k + w. Let y be (k/28)/((-1)/7). Suppose 0 = y*m - p - 71, -70 = -5*m + 2*p + 3*p. What is the tens digit of m?
1
Suppose 3*b + p - 21 = 67, 3*b - 3*p - 108 = 0. Let d = 50 - b. What is the tens digit of d?
1
What is the units digit of (-3)/(-9)*-2*(-2959 - 2)?
4
What is the tens digit of 73470/158 + 0 + (1 - 8)?
5
Let y = 2054 - 2016. What is the units digit of y?
8
What is the hundreds digit of (2 + (-63)/35)/(1/1685)?
3
Let j(d) = -4*d + 0 - 2 - d**2 - 2*d. Let g(x) = -2*x**2 + 12*x - 3. Let r be g(6). What is the units digit of j(r)?
7
Suppose -2*h + 44 = 5*i - 1330, -3*i + 2043 = 3*h. What is the hundreds digit of h?
6
What is the hundreds digit of (-12)/9*29679/(-52)?
7
Let z(m) = 66*m**2 + 1 - 2 - 3*m**2. What is the units digit of z(1)?
2
Suppose 5*o + 19 = -11. What is the units digit of (0 - (-3)/o)*-116?
8
Suppose 0 = -f - 3 + 9. Suppose 5*w + w - f = 0. Suppose -4*j + w - 5 = v, -3*j = 4*v - 49. What is the tens digit of v?
1
Suppose -1631 = -9*x + 3112. What is the tens digit of x?
2
Let t = -695 + 1067. What is the hundreds digit of t?
3
Suppose 2*y - 4*g + 1 = 3, 3*g = 2*y + 2. Suppose 1 + 14 = -5*n - 5*q, 0 = 3*n + 5*q + 15. Let k = n - y. What is the units digit of k?
7
Let s(u) be the first derivative of -u**4/4 + 7*u**3/3 - u**2/2 + 7*u + 4. Let i be s(6). Let k = -20 + i. What is the units digit of k?
7
Suppose -8*l + 2 = -6*l. What is the tens digit of (2 + l)*(11 + 2)?
3
Suppose -3*q + 6 = b, -q + 3*b + 6 = 2*q. Suppose -m - q = -4. Suppose 0*f + 4*f - 288 = -o, -o - 138 = -m*f. What is the units digit of f?
1
What is the units digit of 6/(-14) + (-7750)/(-35) + 0?
1
What is the hundreds digit of (-3194)/(-8) - (300/(-48))/(-5)?
3
Let b = -15 + 15. Suppose b = q - 2*q + 2. Suppose 4*f + 4*m = 104, 2*m = -q*f + 6*m + 70. What is the tens digit of f?
2
Let b(g) = -5*g**2 + 12*g + 28. Let h be b(-5). What is the units digit of h/(-2)*(0 - -10 - 8)?
7
Suppose 0 = -a + 4*a - 24. Suppose -801 = -j - a*j. What is the tens digit of j?
8
Suppose 5*r = -4*r + 2952. Suppose -4*o = -5*u - 659, 4*u = 9*o - 7*o - r. What is the units digit of o?
6
Let p(s) = 5 - 3 - 4 + 3 + 11*s**2 + s. Let b be 7/(-9) + 4/(-18). What is the units digit of p(b)?
1
Suppose -2*m + 568 + 478 = 0. What is the units digit of m?
3
Let j(g) = -8*g - 4. Let b be 3*(-8)/(-12)*-1. Let k(w) = -15*w - 8. Let h(q) = b*k(q) + 5*j(q). What is the units digit of h(-6)?
6
Suppose 4*x = -v + 2*x + 616, 0 = -v + 5*x + 595. What is the hundreds digit of v?
6
Let w(u) = u**2 + u + 16. Le